 11) in base 7?
-10465
Convert 255 (base 12) to base 8.
541
-94 (base 16) to base 12
-104
-2048 (base 11) to base 15
-c0e
-12223 (base 6) to base 16
-717
231 (base 12) to base 16
145
What is -891 (base 10) in base 16?
-37b
What is 1013021 (base 4) in base 9?
6218
Convert 1eef (base 16) to base 10.
7919
What is -36a9 (base 12) in base 2?
-1100000100001
What is -2750 (base 15) in base 12?
-4a40
What is 110420 (base 5) in base 12?
2298
13211 (base 4) to base 6
2125
What is 122 (base 8) in base 3?
10001
3443 (base 5) to base 6
2150
14a4 (base 14) to base 8
7130
What is -10053 (base 6) in base 4?
-110301
2045 (base 6) to base 12
325
-101011110000 (base 2) to base 8
-5360
-37a1 (base 11) to base 9
-6711
Convert 5623 (base 7) to base 2.
11111101010
Convert 15486 (base 9) to base 3.
112112220
What is -106237 (base 8) in base 2?
-1000110010011111
What is 33011 (base 5) in base 3?
10002120
-1101101101100 (base 2) to base 10
-7020
What is 10124 (base 6) in base 13?
7c9
Convert 1100000 (base 2) to base 13.
75
228a5 (base 13) to base 9
105373
51b2 (base 14) to base 9
21265
What is 131445 (base 6) in base 12?
6b85
What is 110100010 (base 2) in base 11?
350
141 (base 13) to base 9
266
What is -185 (base 11) in base 13?
-136
Convert 610 (base 10) to base 16.
262
What is 1c8 (base 16) in base 10?
456
Convert -231013 (base 7) to base 11.
-28a28
1100010211 (base 3) to base 6
321551
What is -5bd (base 14) in base 6?
-5151
110011220 (base 3) to base 4
2022300
What is -3b3e (base 15) in base 3?
-122100212
-301 (base 7) to base 15
-9d
Convert -2342 (base 15) to base 11.
-5697
-1101110010100 (base 2) to base 13
-32a1
-10201221 (base 3) to base 2
-101010100101
-10010102 (base 3) to base 11
-1792
430 (base 6) to base 4
2202
What is 277 (base 14) in base 2?
111110001
1409 (base 13) to base 10
2882
-25035 (base 6) to base 12
-217b
Convert a73 (base 12) to base 15.
6bc
-2133 (base 7) to base 9
-1033
61365 (base 7) to base 12
8793
-211101 (base 3) to base 10
-604
What is 7a95 (base 11) in base 16?
2987
Convert 1022100 (base 3) to base 8.
1672
-4012033 (base 5) to base 7
-352551
Convert 2486 (base 12) to base 11.
3119
5635 (base 7) to base 5
31120
What is 1021001001 (base 3) in base 2?
110000011101110
Convert 2233240 (base 5) to base 14.
10724
Convert 830a (base 12) to base 2.
11011110111010
What is 1747 (base 10) in base 14?
8cb
Convert 404415 (base 6) to base 9.
48052
What is -201321 (base 6) in base 8?
-37021
What is 112423 (base 5) in base 15?
1343
634 (base 10) to base 6
2534
-7785 (base 10) to base 14
-2ba1
1001000111 (base 2) to base 16
247
What is 1677 (base 12) in base 16?
a7b
Convert -65153 (base 8) to base 10.
-27243
7d2 (base 15) to base 10
1772
What is -3502 (base 6) in base 11?
-695
Convert -102202 (base 3) to base 8.
-475
What is 1030 (base 5) in base 9?
165
What is 2041434 (base 5) in base 6?
421214
What is -aacb (base 13) in base 8?
-56423
What is 1432 (base 5) in base 7?
464
-1214431 (base 5) to base 4
-11221030
Convert 20b (base 13) to base 16.
15d
What is -46535 (base 7) in base 5?
-340213
Convert -170a (base 14) to base 13.
-1b55
What is c2 (base 15) in base 7?
350
8c9 (base 13) to base 10
1517
What is 2eea (base 15) in base 12?
5a34
What is 11020 (base 6) in base 7?
4305
Convert 1011300 (base 6) to base 11.
332a8
-975 (base 16) to base 6
-15113
dbcc (base 14) to base 8
112170
Convert -13374 (base 10) to base 4.
-3100332
-165 (base 14) to base 10
-285
What is 24a (base 16) in base 8?
1112
Convert -13201 (base 4) to base 7.
-1255
What is 100101011101010 (base 2) in base 15?
5a38
-6a50 (base 11) to base 6
-110455
What is 440410 (base 6) in base 13?
1377c
342 (base 12) to base 13
2b1
Convert -204 (base 10) to base 5.
-1304
Convert -2908 (base 11) to base 5.
-110014
Convert 102 (base 7) to base 4.
303
10 (base 2) to base 11
2
Convert 429 (base 12) to base 6.
2453
-406 (base 8) to base 4
-10012
-1071 (base 12) to base 9
-2434
What is 2c7 (base 13) in base 12?
359
-3122 (base 6) to base 11
-585
9a1 (base 11) to base 13
714
What is 11010 (base 3) in base 4?
1233
36 (base 9) to base 13
27
What is -3407 (base 8) in base 4?
-130013
Convert 616c (base 16) to base 11.
17813
What is 114553 (base 7) in base 5?
1131423
What is 25278 (base 10) in base 4?
12022332
-2144 (base 6) to base 11
-411
What is -24b (base 15) in base 8?
-1011
Convert -2442 (base 6) to base 16.
-25a
What is -2022 (base 5) in base 12?
-19a
What is 11424 (base 5) in base 3?
1012000
What is -10001000101001 (base 2) in base 16?
-2229
39e (base 15) to base 2
1100111000
Convert 10022112 (base 3) to base 2.
100101110001
Convert 4222 (base 5) to base 12.
3aa
-32d (base 15) to base 16
-2ce
2401 (base 11) to base 9
4276
-3a3 (base 11) to base 10
-476
What is -202524 (base 6) in base 2?
-11111100110100
What is -304165 (base 7) in base 2?
-1100101010110001
-5719 (base 14) to base 10
-15115
What is 2002 (base 4) in base 15?
8a
Convert -45266 (base 7) to base 9.
-16648
11100111000 (base 2) to base 10
1848
20100 (base 4) to base 16
210
13031 (base 4) to base 15
20b
What is -1432 (base 6) in base 5?
-3010
What is -10656 (base 9) in base 7?
-26460
Convert -111754 (base 8) to base 15.
-b348
What is -586 (base 16) in base 15?
-644
Convert -103002 (base 6) to base 11.
-6370
2000 (base 6) to base 7
1155
Convert -472a (base 15) to base 10.
-15115
Convert 28d6 (base 15) to base 11.
6636
Convert -170 (base 14) to base 10.
-294
Convert 2990 (base 14) to base 2.
1110011010010
What is 14386 (base 11) in base 10?
20422
Convert -314121 (base 5) to base 9.
-15406
Convert -2737 (base 8) to base 13.
-8b8
100211121 (base 3) to base 14
2883
Convert 3171 (base 10) to base 3.
11100110
Convert 2b37 (base 14) to base 8.
17015
What is 6096 (base 15) in base 4?
10332213
What is -2120110 (base 3) in base 4?
-131103
Convert -1300455 (base 6) to base 5.
-4221123
What is -112221201 (base 3) in base 16?
-2a94
202020 (base 4) to base 9
2886
What is -52791 (base 10) in base 9?
-80366
Convert -22002 (base 3) to base 8.
-332
15443 (base 7) to base 15
1448
What is -6871 (base 13) in base 16?
-3922
Convert -222030 (base 5) to base 13.
-36c4
-2550 (base 6) to base 15
-2cc
Convert 446 (base 11) to base 9.
653
Convert -32735 (base 8) to base 13.
-6379
-1104 (base 10) to base 5
-13404
Convert 323123 (base 6) to base 10.
26619
240 (base 15) to base 4
13332
What is 32353 (base 7) in base 16?
1f8a
Convert -6571 (base 9) to base 6.
-34231
6015 (base 9) to base 15
1478
9a4 (base 12) to base 5
21140
Convert -24ca (base 14) to base 15.
-1da0
What is -1223 (base 10) in base 3?
-1200022
-16385 (base 10) to base 14
-5d85
Convert 207b (base 13) to base 11.
3418
Convert 6c (base 13) to base 7.
156
-4252 (base 9) to base 15
-dd5
-ca40 (base 13) to base 6
-334042
What is 3a692 (base 11) in base 14?
17232
What is 10ca6 (base 13) in base 3?
1120010222
What is -11545 (base 10) in base 13?
-5341
Convert -279 (base 14) to base 8.
-763
Convert 34401 (base 5) to base 8.
4654
Convert 20100 (base 4) to base 3.
201120
Convert 100211221 (base 3) to base 7.
26635
Convert -1111434 (base 5) to base 13.
-8c12
Convert 13330211 (base 4) to base 8.
77445
101131 (base 5) to base 14
12b1
What is 2393 (base 14) in base 15?
1c8a
What is 103133 (base 4) in base 5?
14442
Convert 111111001000100 (base 2) to base 12.
16858
What is 121121020 (base 3) in base 11?
9102
Convert 2110132 (base 4) to base 10.
9502
Convert -140540 (base 6) to base 14.
-4b24
What is -43405 (base 8) in base 7?
-104002
1322 (base 7) to base 15
23b
Convert 11110 (base 6) to base 16.
612
What is 1122 (base 9) in base 13?
4bb
What is -60435 (base 8) in base 13?
-b415
Convert 1222001 (base 4) to base 8.
15201
350 (base 12) to base 9
606
Convert 1eb2 (base 15) to base 13.
307a
What is 211101 (base 3) in base 10?
604
Convert -323 (base 9) to base 2.
-100001000
Convert -1fb (base 16) to base 15.
-23c
-1010110 (base 4) to base 16
-1114
What is 83646 (base 9) in base 16?
d7a3
What is -2220211 (base 3) in base 15?
-96d
Convert -100000011010 (base 2) to base 12.
-124a
Convert -142 (base 12) to base 11.
-167
What is -10110001010 (base 2) in base 4?
-112022
Convert -10e01 (base 15) to base 5.
-3210101
-2101112 (base 3) to base 8
-3316
What is -10002302 (base 4) in base 14?
-6070
-1000101000 (base 2) to base 6
-2320
What is -